9.
14800083
What is -331120123 (base 4) in base 7?
-2065000
-1848b (base 15) to base 4
-103031000
-12131010 (base 5) to base 11
-79036
-15a1911 (base 12) to base 11
-2563276
Convert 20334120 (base 7) to base 15.
23a7d0
Convert 9b561a (base 14) to base 4.
110020203120
What is -49271 (base 11) in base 14?
-1bb79
What is 6514148 (base 10) in base 4?
120312113210
10001101202120 (base 3) to base 16
18bf5b
8316312 (base 9) to base 4
100323330320
Convert -3b78582 (base 12) to base 13.
-25c0c43
What is 3041247 (base 8) in base 9?
1454162
What is 2200020112 (base 3) in base 15?
1090e
Convert 112120200012020 (base 3) to base 13.
17b3c26
What is -266629 (base 16) in base 13?
-6a1587
-14b05b (base 13) to base 11
-319007
6646312 (base 7) to base 11
509aa0
-12320323323 (base 4) to base 7
-21231345
Convert 110110111001110000010000 (base 2) to base 5.
12141023321
What is 279aa4 (base 13) in base 2?
11101011011000001110
What is -2101012200022 (base 3) in base 5?
-310420401
-15c1c6 (base 13) to base 16
-84079
Convert 6818e (base 15) to base 7.
2546222
110002101002 (base 3) to base 13
843b0
What is 103122223 (base 4) in base 10?
79531
Convert -10000000101110100101 (base 2) to base 16.
-80ba5
23140431 (base 5) to base 7
1526640
Convert bb1bd (base 14) to base 13.
12b328
What is 4143133 (base 5) in base 8?
205677
20112100123 (base 4) to base 6
114523031
What is a0cb (base 13) in base 16?
5679
Convert 113033 (base 8) to base 5.
2212202
-143913 (base 11) to base 9
-372218
-2235324 (base 6) to base 14
-2d75a
-154a85 (base 14) to base 11
-468216
Convert 1aa461 (base 13) to base 6.
22322232
46666 (base 7) to base 13
5605
What is 76780 (base 9) in base 4?
30123330
Convert 114234042 (base 6) to base 7.
24262226
What is 5985 (base 11) in base 14?
2bdb
573a60 (base 12) to base 8
5246450
-18b81 (base 13) to base 6
-1010405
-3662387 (base 9) to base 8
-7456203
Convert c39a5 (base 13) to base 7.
2661156
87647b (base 13) to base 10
3184231
-706a7 (base 13) to base 5
-22413303
Convert -4027231 (base 9) to base 3.
-11000221021001
-1114346 (base 9) to base 15
-bccbc
Convert 534a14 (base 12) to base 11.
818865
322232331 (base 4) to base 10
240573
7dabe (base 16) to base 14
d583c
-5b47d5 (base 14) to base 12
-1068007
Convert 289cb (base 16) to base 7.
1261656
What is 2171273 (base 9) in base 16?
11d5af
-77aa0 (base 14) to base 8
-1066654
24015c (base 15) to base 3
10020110112120
What is -2461365 (base 9) in base 14?
-26c20b
-33220331003 (base 4) to base 13
-b071a6
What is 2459608 (base 12) in base 9?
14302068
Convert 330015 (base 8) to base 9.
177644
Convert 595452 (base 14) to base 3.
12201221001020
11410530 (base 6) to base 5
42443230
-6104344 (base 7) to base 8
-2606434
-1718921 (base 10) to base 4
-12203222021
Convert -3854553 (base 9) to base 3.
-10221211121210
-4144552 (base 7) to base 14
-cda29
Convert -1100011100010010010111 (base 2) to base 13.
-8a2748
Convert -13550077 (base 8) to base 10.
-3067967
-651614 (base 7) to base 10
-113495
What is -13665500 (base 7) in base 4?
-10323312002
What is 3ab99b (base 12) in base 5?
222134104
Convert 13304422 (base 7) to base 14.
23d9b9
112201110221011 (base 3) to base 9
15643834
Convert -63fd (base 16) to base 8.
-61775
What is -197020 (base 11) in base 16?
-49c4f
-11001100001100 (base 2) to base 14
-4a96
Convert -540035100 (base 6) to base 8.
-44247214
What is 3414476 (base 10) in base 4?
31001213030
Convert 59166 (base 11) to base 16.
14d81
-13031023203 (base 4) to base 5
-440421440
What is 22111014 (base 5) in base 8?
565630
What is -11113202022 (base 4) in base 5?
-330011424
What is 200111142 (base 5) in base 13?
2164cb
Convert -8060 (base 10) to base 15.
-25c5
Convert -1343140 (base 8) to base 2.
-1011100011001100000
3710a (base 14) to base 16
20e06
Convert 46714 (base 11) to base 14.
1a7d2
Convert -124003230 (base 5) to base 9.
-1128452
Convert -130333013 (base 4) to base 9.
-200768
5aa83 (base 12) to base 3
20020001000
What is -1221101033 (base 4) in base 8?
-1512117
Convert -48362 (base 13) to base 16.
-20537
229017 (base 14) to base 3
2012210210220
12220215 (base 9) to base 2
10110110011010010011111
Convert -302565 (base 9) to base 7.
-1344032
-12211221111 (base 3) to base 6
-2245021
201220110201211 (base 3) to base 4
220112301232
15472104 (base 8) to base 3
20201022100101
Convert -1100011111110010000 (base 2) to base 4.
-1203332100
Convert -57fdec (base 16) to base 5.
-2434013021
What is -2010102121020 (base 3) in base 8?
-4237624
10000022010 (base 3) to base 11
40590
3ba58 (base 13) to base 2
11011001111111101
What is -1b145 (base 16) in base 8?
-330505
Convert 135201115 (base 6) to base 12.
b1619b
Convert 323551431 (base 6) to base 16.
58436b
What is -c07d2 (base 15) in base 6?
-21020412
What is 35051a (base 12) in base 9?
1536214
Convert 100011011010011010 (base 2) to base 7.
1142613
-95733 (base 11) to base 3
-21002002112
-3a920 (base 11) to base 8
-161750
-24373385 (base 9) to base 13
-2613461
Convert 45093 (base 13) to base 7.
1031310
What is -33301333311 (base 4) in base 3?
-21210011211100
Convert 1010260 (base 8) to base 11.
172187
Convert -1501400 (base 6) to base 5.
-10222041
Convert -22120020002011 (base 3) to base 12.
-1635971
Convert 32113112231 (base 4) to base 9.
7068475
-4c9b5 (base 13) to base 11
-97993
What is 1272643 (base 8) in base 12?
153083
Convert -426cb (base 15) to base 5.
-23221131
What is 52132213 (base 7) in base 5?
2110042232
Convert -2220017 (base 11) to base 14.
-735404
248533 (base 13) to base 5
211002133
-2155577 (base 11) to base 16
-39c012
What is 3b79d (base 16) in base 11?
157037
26593a (base 12) to base 13
191902
25301 (base 13) to base 4
100300013
-34155273 (base 8) to base 6
-422304511
-49784a (base 14) to base 7
-30254523
Convert -392b2 (base 13) to base 9.
-171280
What is -4282198 (base 12) in base 13?
-27c7268
What is 71488 (base 12) in base 9?
244365
What is -14000020 (base 5) in base 8?
-422533
849101 (base 10) to base 12
34b465
4621738 (base 11) to base 4
132311221103
Convert -132433420 (base 5) to base 12.
-28445a
Convert -162525 (base 9) to base 16.
-187cd
60286 (base 12) to base 13
44a66
-22a30 (base 13) to base 16
-f70d
What is 11111110011110101110 (base 2) in base 15?
158ca0
What is -223228 (base 11) in base 10?
-355649
What is -31fb0a (base 16) in base 15?
-44a7da
-95525 (base 11) to base 7
-1116261
-3516652 (base 7) to base 15
-8ad67
-2851073 (base 10) to base 12
-b55b15
-a5279e (base 15) to base 10
-7855349
Convert 1839973 (base 13) to base 2.
11110001001101111100000
-513404 (base 7) to base 11
-5a956
4620655 (base 8) to base 9
2320806
What is 39639 (base 10) in base 11?
27866
5646625 (base 7) to base 15
dcac7
Convert 4223021032 (base 5) to base 9.
17488852
Convert 33b92 (base 13) to base 6.
2004204
110121122112220 (base 3) to base 2
11001100100111101110111
Convert 3150654 (base 8) to base 16.
cd1ac
Convert -220222121 (base 3) to base 5.
-1040324
1a5524 (base 15) to base 12
51aa37
15c45 (base 14) to base 8
152425
-120703 (base 10) to base 13
-42c2b
What is 71b88 (base 15) in base 3?
200022022102
Convert 77914 (base 11) to base 9.
181783
22112012220 (base 3) to base 9
275186
1605006 (base 7) to base 12
a7530
-34177 (base 13) to base 12
-469aa
-62730 (base 10) to base 11
-43148
-2002330100 (base 4) to base 6
-15255012
-218b3 (base 12) to base 15
-d2ac
Convert 6bc7c (base 15) to base 8.
1237214
Convert -4ac99f (base 16) to base 8.
-22544637
111020132 (base 4) to base 13
30524
210302130 (base 4) to base 15
2e9a9
Convert -68036 (base 10) to base 8.
-204704
Convert 991a4 (base 11) to base 16.
2326f
Convert -2373626 (base 8) to base 7.
-5360251
Convert 3353523 (base 6) to base 13.
5c877
What is -15463c3 (base 13) in base 8?
-31767346
-5642 (base 9) to base 5
-113134
What is -2aa322 (base 12) in base 9?
-1321388
215377 (base 13) to base 2
10111111000110010001
45335023 (base 6) to base 4
11101033113
-70733705 (base 8) to base 4
-320323133011
12311304 (base 5) to base 9
202025
Convert -11101101000101110 (base 2) to base 14.
-3234a
What is 18464bb (base 12) in base 5?
2244230141
What is -12130253 (base 6) in base 8?
-1357771
69ddb (base 15) to base 8
1222550
-414004322 (base 5) to base 9
-3176043
-111330550 (base 6) to base 9
-3738553
Convert -326316 (base 7) to base 11.
-3a17